t is the highest common divisor of g and 368?
184
Suppose 2*o - 99 = -m, 476 = 5*m - 2*o - 31. Let f be -134*((-290)/(-1595) + 7/22). Let c = m + f. What is the highest common divisor of c and 306?
34
Let r(d) be the first derivative of -7*d**2/2 - 20*d - 120. Let h be r(-12). What is the highest common divisor of 96 and h?
32
Let k(q) = -2*q**2 - 7*q + 21. Let o be ((-550)/45 - -5) + 6/27. Let l be k(o). Let y be 0 - 245/l - 2/(-8). Calculate the greatest common factor of 63 and y.
9
Let t = -110 + 125. Calculate the highest common factor of t and 2085.
15
Let h be 1395/18*900/125. Let b be 3/(-3)*2 - -64. What is the highest common divisor of h and b?
62
Suppose 81*d = 70*d + 319. What is the greatest common divisor of 32 and d?
1
Let f = -108 - -114. Let t = 7 - 1. Suppose 0 = -t*r + 16 + 2. What is the highest common divisor of r and f?
3
Let w be (-6730)/45 + 24/(-54). Let b be 10*(-12)/w*15. Let h = 12 + 0. Calculate the highest common factor of b and h.
12
Let j = -5436 - -5680. What is the greatest common factor of 1342 and j?
122
Let s be -17*68/(-867)*3. Calculate the highest common factor of 2524 and s.
4
Let t = 31120 - 29694. Calculate the greatest common factor of t and 92.
46
Suppose 0 = -2*p + p + 2. Suppose -p*d = -3*z - 110, 0*d = 3*d - 3*z - 159. Suppose -146 + 594 = 32*l. What is the highest common factor of l and d?
7
Suppose 33*k + 41236 - 108556 = 0. Calculate the greatest common factor of k and 9.
3
Let x be -6 - -10 - -5*1. Let y be ((-2)/8 + -2)/((-75)/900). What is the greatest common factor of y and x?
9
Suppose -3*b = -5*b - 12. Let f(o) = -39*o + 6*o - 40 - 7*o. Let g be f(b). Calculate the highest common divisor of g and 50.
50
Let y(o) = o**2 + 4*o - 72. Let t be y(10). Let d = 1710 - 1706. Calculate the greatest common factor of d and t.
4
Suppose -53*a + 155*a = 32640. What is the greatest common divisor of 75 and a?
5
Let m be 35/(18/((-432)/(-60))). Calculate the greatest common factor of m and 532.
14
Let g be 0/1*(-6)/(-18)*-1. Suppose 2*w - 94 = -2*i, g = 4*w - w + 4*i - 143. Calculate the greatest common divisor of w and 15.
15
Let h(q) = q**2 + 35*q + 18. Let p be h(-42). Let i = -91 + p. What is the highest common factor of 13 and i?
13
Let v = 27749 + -25441. Calculate the highest common divisor of 8 and v.
4
Let x = -44 + 131. Let i = -8996 + 9025. What is the highest common factor of x and i?
29
Let n(v) = 63*v**2 - 12*v + 3. Let p be n(10). What is the greatest common divisor of p and 27?
27
Let s = 66 + -51. Let x = -27 + 27. Suppose -y - 4*n = -s - 14, x = 3*y - 3*n - 87. What is the greatest common divisor of y and 87?
29
Suppose -c = -7*c + 486. Let u = c + -63. Suppose 169 = 2*y - 83. Calculate the greatest common divisor of u and y.
18
Let d = -17844 + 17886. Calculate the highest common divisor of 138 and d.
6
Let t(h) = 311*h + 13114. Let r be t(-42). Calculate the highest common factor of r and 884.
52
Let i be 7/(8/(7 + 21337)) + -4 + -5. Calculate the greatest common divisor of i and 11.
11
Let r = 29 + 42. Let i(z) = z**2 + 77*z + 657. Let o be i(-66). Let s = o + r. Calculate the highest common divisor of 2 and s.
2
Suppose 8 = m - 31. Let k be 6/(-10) - (-6144)/40. Let g be ((-130)/(-8))/(k/(-24) - -7). Calculate the greatest common factor of g and m.
13
Let a(v) = 709*v - 2302. Let t be a(4). Calculate the greatest common factor of 6 and t.
6
Let y be 6324500/16680 + (-1 - (-22)/12). What is the greatest common divisor of y and 460?
20
Suppose 9*b = 29*b - 100. Suppose t + 11 = b*d, -4*d + 5*t = 10*t - 3. What is the greatest common factor of d and 32?
2
Suppose 0*g = -2*g + 40. Let u be ((-8)/g)/(2/(-360)). Let i(f) = -f**3 - 27*f**2 - 163*f. Let t be i(-18). Calculate the greatest common factor of u and t.
18
Let i = 3 + -2. Let v be (236/(-14))/((-20)/140). Suppose v = 10*o - 22. Calculate the highest common divisor of o and i.
1
Let f(n) = 15*n + 101. Let o be f(-1). Calculate the greatest common factor of 215 and o.
43
Let s(o) = 3*o**2 + 42*o + 14. Let t be s(-14). Suppose 18*b - 1024 = -t*b. Calculate the greatest common factor of b and 8.
8
Let j = -7801 + 7871. What is the highest common factor of 70 and j?
70
Suppose 0 = -4*i - 3*q - 3395, -i - 842 = 12*q - 9*q. Let o = i - -1007. Calculate the greatest common factor of o and 48.
12
Let r = 2040 + -1920. What is the greatest common divisor of 132 and r?
12
Let a be -3 - -81 - (0 - 2). Let l be (-324895)/(-3620) - (2/(-10))/(8/10). What is the highest common factor of l and a?
10
Let p(y) = 5 - 81*y**2 + 98*y**2 - 3*y + y. Let a be p(2). Suppose -5*x + 4*k = -135, x + 3*k = -x + 31. Calculate the greatest common divisor of x and a.
23
Let p be (-12)/(-42) + (-1 - 16/7). Let o be (-46 - -54) + 2*p. What is the greatest common factor of o and 2?
2
Let v = 54 + -60. Let w(t) = 2*t**2 + 3*t - 3. Let c be w(v). Calculate the highest common factor of 51 and c.
51
Let z(u) = u**3 - 2*u + 2. Let y(h) = 2*h**3 - 24*h**2 + 16*h + 69. Let q(i) = -y(i) + z(i). Let d be q(23). What is the greatest common divisor of d and 60?
12
Suppose -37175 = 9*w + 4*w - 47250. Let a = 8 + 23. What is the highest common divisor of w and a?
31
Suppose 1881 = 53*u - 489 + 38. Let a(k) = -2*k - 10. Let h be a(-7). What is the greatest common divisor of u and h?
4
Let x = 6778 - 6768. Suppose 0 = -2*h + h + 90. Calculate the greatest common divisor of h and x.
10
Suppose -2*g = g - 135. Let v = g + -114. Let s be (-2)/(-8) - v/12. What is the greatest common factor of s and 54?
6
Suppose -226 = -201*d + 184*d + 624. Calculate the greatest common factor of 650 and d.
50
Suppose -34*p + 217 - 25 = -10*p. Calculate the greatest common divisor of 424 and p.
8
Let j = -2 + 10. Let h be (1870/1496)/(10/1472). Calculate the highest common divisor of j and h.
8
Suppose -4*o - 87 - 181 = -4*a, 0 = a + o - 69. Let t(l) = -l**3 - 18*l**2 - 16*l + 21. Let z be t(-17). What is the greatest common divisor of z and a?
4
Suppose 24*v - 1241 = 295*v - 4493. What is the highest common factor of v and 402?
6
Let g(v) = 3674*v**2 - 15*v + 4. Let w be g(-1). What is the highest common divisor of w and 3?
3
Suppose 0 = -2*p - 4*i - 404, -p - p = 2*i + 394. Let v = p + 220. What is the highest common divisor of v and 42?
14
Let f be (14/8)/((-15)/120). Let g be -28*(-1)/(-8)*(f + 4). What is the greatest common divisor of g and 35?
35
Let y = 2280 + -2247. Calculate the greatest common divisor of y and 15807.
33
Let j(p) = p**2 - p - 32. Let x be j(7). Let u be (-182)/35*-1*x. What is the greatest common divisor of 8 and u?
4
Suppose -28 = 5*v - 8. Let p be v/16 + 113/4. Suppose 6*n - p = 2*n + 2*q, -5*q = -5*n + 30. Calculate the highest common divisor of n and 1.
1
Suppose 3*x - 430*u + 433*u - 522 = 0, -3*u = -4*x + 675. What is the highest common factor of 99 and x?
9
Let i(l) = 159*l - 6858. Let g be i(120). What is the greatest common divisor of g and 6?
6
Let c = -4596 + 5124. Calculate the highest common divisor of c and 48.
48
Let z be (-1 - (-18)/4) + (-3)/(-6). Let n be z/(-24) - 962/(-12). Calculate the highest common divisor of n and 16.
16
Let s be 1*(-11)/(153/(-39) + 4). Let k be (-1)/(11/(-7152)) + 26/s. Let j be k/5 + 2/(-1). What is the greatest common factor of j and 16?
16
Let c = -160 + 163. Suppose 5*x - 336 = y, 2*x + c*y + y - 130 = 0. What is the greatest common factor of 469 and x?
67
Suppose 2 = -12*b + 50. Let c be (1 - -1)/(1/b). Calculate the greatest common factor of c and 24.
8
Let q(s) = -s**3 - 4*s**2 + 5*s + 5. Let x be q(-5). Let b = -10 - -20. Let y be (-45)/b*(3 + -13). Calculate the greatest common divisor of x and y.
5
Let d = -143 + 75. Let a = 126 + d. What is the greatest common divisor of 464 and a?
58
Suppose 726*o = 706*o + 1600. What is the greatest common factor of o and 340?
20
Let r(q) = -q**2 + 33*q - 12. Let u be r(32). Suppose 2*t - 141 + 71 = 0. Calculate the greatest common divisor of t and u.
5
Suppose 3*a = -4*d - 0*d + 212, 4*d + 2*a - 212 = 0. Suppose 4*p = 5*m + 210 + 835, 2*p + m - 533 = 0. What is the greatest common factor of p and d?
53
Let x be 62/(248/(-8))*3/(-1). What is the greatest common factor of x and 934?
2
Let y(v) = -27*v - 49. Let t be y(-10). Suppose -t*h + 238*h - 17 = 0. Calculate the greatest 